2, 3, 19, 44887
List the prime factors of 10467570.
2, 3, 5, 348919
List the prime factors of 1563505.
5, 312701
What are the prime factors of 10135709?
23, 440683
What are the prime factors of 7635576?
2, 3, 13, 24473
What are the prime factors of 1569444?
2, 3, 130787
List the prime factors of 518958.
2, 3, 11, 2621
What are the prime factors of 854700?
2, 3, 5, 7, 11, 37
What are the prime factors of 3840755?
5, 19, 40429
List the prime factors of 652123.
29, 113, 199
List the prime factors of 6073458.
2, 3, 31, 32653
What are the prime factors of 299737?
37, 8101
List the prime factors of 6507865.
5, 7, 13, 14303
List the prime factors of 2370273.
3, 173, 4567
What are the prime factors of 965496?
2, 3, 7, 821
List the prime factors of 311727.
3, 13, 7993
List the prime factors of 356120.
2, 5, 29, 307
List the prime factors of 141979.
23, 6173
List the prime factors of 141930.
2, 3, 5, 19, 83
What are the prime factors of 6965544?
2, 3, 503, 577
List the prime factors of 725716.
2, 397, 457
What are the prime factors of 905528?
2, 13, 8707
List the prime factors of 212318.
2, 53, 2003
List the prime factors of 24527191.
13, 919, 2053
List the prime factors of 2954680.
2, 5, 73867
List the prime factors of 4576193.
4576193
List the prime factors of 225403.
17, 13259
What are the prime factors of 3393948?
2, 3, 17, 127, 131
What are the prime factors of 3937315?
5, 227, 3469
List the prime factors of 4426278.
2, 3, 19, 41, 947
What are the prime factors of 802288?
2, 41, 1223
What are the prime factors of 634620?
2, 3, 5, 7, 1511
List the prime factors of 6340245.
3, 5, 191, 2213
What are the prime factors of 11711804?
2, 13, 225227
List the prime factors of 2098614.
2, 3, 7, 29, 1723
List the prime factors of 12648140.
2, 5, 179, 3533
List the prime factors of 3036716.
2, 759179
What are the prime factors of 1174301?
1174301
List the prime factors of 941833.
29, 47, 691
What are the prime factors of 1062?
2, 3, 59
What are the prime factors of 151368?
2, 3, 7, 17, 53
List the prime factors of 4540760.
2, 5, 7, 16217
What are the prime factors of 22652975?
5, 906119
What are the prime factors of 459290?
2, 5, 13, 3533
What are the prime factors of 2169797?
7, 23, 13477
What are the prime factors of 3796155?
3, 5, 11, 7669
What are the prime factors of 572653?
572653
What are the prime factors of 3765312?
2, 3, 2179
What are the prime factors of 22863620?
2, 5, 13, 47, 1871
What are the prime factors of 276557?
276557
List the prime factors of 783454.
2, 7, 107, 523
List the prime factors of 552260.
2, 5, 53, 521
List the prime factors of 1356025.
5, 11, 4931
What are the prime factors of 74620?
2, 5, 7, 13, 41
What are the prime factors of 3854206?
2, 17, 113359
List the prime factors of 350985.
3, 5, 23399
List the prime factors of 3606218.
2, 7, 11, 23417
What are the prime factors of 5554377?
3, 617153
What are the prime factors of 9790762?
2, 173, 28297
List the prime factors of 8664885.
3, 5, 192553
What are the prime factors of 28267785?
3, 5, 7, 13, 59
List the prime factors of 2905301.
7, 41, 53, 191
What are the prime factors of 3034288?
2, 189643
What are the prime factors of 786303?
3, 7, 1783
What are the prime factors of 37769325?
3, 5, 11, 17, 2693
List the prime factors of 31861294.
2, 15930647
List the prime factors of 2223530.
2, 5, 43, 5171
List the prime factors of 890781.
3, 263, 1129
List the prime factors of 277736.
2, 149, 233
List the prime factors of 4375034.
2, 2187517
List the prime factors of 94740.
2, 3, 5, 1579
List the prime factors of 184838.
2, 92419
List the prime factors of 3078587.
3078587
What are the prime factors of 181746?
2, 3, 23, 439
What are the prime factors of 157143?
3, 7, 1069
List the prime factors of 132547.
132547
What are the prime factors of 3891154?
2, 53, 36709
List the prime factors of 533348.
2, 133337
List the prime factors of 3962519.
11, 360229
What are the prime factors of 146733?
3, 59, 829
List the prime factors of 689336.
2, 199, 433
List the prime factors of 3143991.
3, 1047997
What are the prime factors of 13564172?
2, 157, 21599
What are the prime factors of 5712710?
2, 5, 29, 19699
What are the prime factors of 6982537?
6982537
What are the prime factors of 173066?
2, 86533
List the prime factors of 433878.
2, 3, 72313
List the prime factors of 341580.
2, 3, 5, 5693
What are the prime factors of 281118?
2, 3, 46853
List the prime factors of 12867147.
3, 17, 97
What are the prime factors of 1721525?
5, 13, 5297
What are the prime factors of 11128330?
2, 5, 1112833
List the prime factors of 345260.
2, 5, 61, 283
What are the prime factors of 7383818?
2, 13, 19, 14947
What are the prime factors of 1799155?
5, 587, 613
What are the prime factors of 1792054?
2, 11, 81457
List the prime factors of 1359658.
2, 679829
What are the prime factors of 1684124?
2, 13, 139, 233
List the prime factors of 6797416.
2, 17, 151, 331
What are the prime factors of 23592459?
3, 11, 103, 631
What are the prime factors of 9969967?
7, 317, 4493
List the prime factors of 20116825.
5, 113, 7121
List the prime factors of 6869670.
2, 3, 5, 228989
What are the prime factors of 14168640?
2, 3, 5, 14759
What are the prime factors of 30623042?
2, 15311521
What are the prime factors of 4107?
3, 37
List the prime factors of 18477257.
23, 803359
List the prime factors of 385145.
5, 77029
What are the prime factors of 18243953?
7, 13, 200483
List the prime factors of 87806.
2, 43, 1021
What are the prime factors of 2388737?
13, 19, 509
What are the prime factors of 8320347?
3, 7, 19, 331
List the prime factors of 175356.
2, 3, 4871
List the prime factors of 257719.
7, 11, 3347
List the prime factors of 8361535.
5, 7, 13, 17, 23, 47
List the prime factors of 9312871.
89, 104639
List the prime factors of 636168.
2, 3, 13, 2039
What are the prime factors of 105847?
7, 15121
List the prime factors of 18849695.
5, 43, 73, 1201
What are the prime factors of 18666882?
2, 3, 13, 26591
List the prime factors of 222448.
2, 13903
What are the prime factors of 774586?
2, 251, 1543
What are the prime factors of 767838?
2, 3, 127973
List the prime factors of 1646484.
2, 3, 7, 17, 1153
List the prime factors of 222168.
2, 3, 9257
What are the prime factors of 8728528?
2, 545533
List the prime factors of 5878899.
3, 13, 1861
What are the prime factors of 151417?
7, 97, 223
What are the prime factors of 415704?
2, 3, 17321
List the prime factors of 7934595.
3, 5, 528973
List the prime factors of 229919.
19, 12101
What are the prime factors of 5498881?
2333, 2357
List the prime factors of 31192678.
2, 11, 47, 97, 311
List the prime factors of 1122747.
3, 263, 1423
List the prime factors of 20561234.
2, 137, 75041
What are the prime factors of 39204?
2, 3, 11
What are the prime factors of 147069?
3, 13, 419
List the prime factors of 295537.
11, 67, 401
What are the prime factors of 785049?
3, 151, 1733
What are the prime factors of 391288?
2, 59, 829
List the prime factors of 600184.
2, 13, 29, 199
What are the prime factors of 4737047?
7, 676721
What are the prime factors of 1421731?
1421731
List the prime factors of 443248.
2, 13, 2131
List the prime factors of 221634.
2, 3, 7, 1759
List the prime factors of 219901.
11, 19991
